factor of t and n.
15
Let a(s) = -s + 20. Let w be a(9). Suppose 0 = d + 4*d - 25. Suppose 5*t = -d*u + 210, -u + 213 - 39 = 4*t. Calculate the greatest common divisor of t and w.
11
Let y be (72/(-14))/((-2)/14). Calculate the greatest common divisor of 4 and y.
4
Suppose -2*v = -5*x - 30, -x - 3*v = v - 16. Suppose -i = a, 3*i - 5 = 3*a + i. Let m be 3 + x - a*3. What is the greatest common divisor of m and 14?
2
Let q(v) = v**2 - 9*v + 4. Let x be q(9). Suppose x*m + 17 = 121. What is the highest common divisor of m and 286?
26
Let y(w) = -29*w + 92. Let i be y(3). Let v = -5 + 10. Calculate the greatest common factor of v and i.
5
Let s(x) = -2*x - 3. Let m be s(-4). Calculate the highest common factor of 25 and m.
5
Let l be (18/12)/((-6)/(-8)). Suppose 14 = l*n + 6. Let f(b) = 9*b - 4. Let m be f(4). What is the greatest common factor of m and n?
4
Let l(u) = u**3 + 10*u**2 + 5*u + 3. Let g be l(-7). Calculate the greatest common factor of 46 and g.
23
Let m = 2 + 6. Let a(y) = 4*y - 11. Let u be a(m). Calculate the greatest common factor of u and 84.
21
Suppose l - 414 = -5*v - l, -5*v - 5*l = -405. Suppose -4*o + 8 = 0, 9 = u + 5*o - 13. What is the greatest common divisor of u and v?
12
Let a be 3/(45/(-50))*-3. Calculate the greatest common divisor of 80 and a.
10
Let d = -9 - -14. Let b(f) = d + f**3 - 4*f**2 - 6*f + 2*f + f**2. Let r be b(4). Calculate the greatest common factor of r and 55.
5
Let d = 47 - 15. What is the greatest common factor of d and 4?
4
Let b be 1 + 0 + 3 - -2. Calculate the highest common factor of b and 6.
6
Suppose -44 = -5*q + 16. Suppose 5*k - 16 = 2*h, -h + 5*h = -k + q. What is the highest common factor of k and 16?
4
Suppose 4*l + 160 = 4*i, 98 = 2*i - 4*l + 22. Suppose 58 = -0*y + 2*y + 2*v, 5*v + 135 = 5*y. What is the greatest common divisor of i and y?
14
Let a = -11 - -10. Let c be (2 + 68)*(-2)/a. What is the highest common divisor of c and 14?
14
Let f be 4/(-18) - 1578/(-54). Suppose f = 4*y + 1. Calculate the highest common factor of y and 35.
7
Suppose -7 = -4*w + 29. What is the greatest common factor of 36 and w?
9
Let o = 55 + -47. Suppose l - 3*l + 64 = 0. What is the greatest common factor of l and o?
8
Suppose 7*b = 3*b + 8. Suppose -b - 10 = -2*t. Calculate the greatest common divisor of 4 and t.
2
Suppose 2*d = -3*a + 306, -5*a = 5*d - 2*d - 510. What is the highest common factor of 6 and a?
6
Let r(o) = 11*o + 16. Let x be r(8). Suppose -5*c + x = -c. Calculate the greatest common factor of c and 208.
26
Let k(u) = -3*u**3 - 2*u - 2. Let b be k(-2). Calculate the highest common factor of 234 and b.
26
Let h be (-132)/(-30) + 4/(-10). Let n be (-2*1)/(1 - 2). Suppose -3*y - 4*b = -20, n*b - h = 6*b. Calculate the greatest common divisor of y and 8.
8
Let l = 162 + -143. Calculate the highest common factor of 57 and l.
19
Let u(q) = -5*q - 1. Let d be u(-5). Let l = 4 + -3. Let j = 2 + l. What is the highest common factor of j and d?
3
Let j = -18 - -44. Let b(r) = 9*r - 12*r - 10*r. Let q be b(-3). Calculate the greatest common factor of q and j.
13
Let h(r) = 10*r + 80. Let f be h(12). What is the greatest common factor of 50 and f?
50
Let u(b) = b. Let p be u(1). Let k(n) = -n**2 + n. Let v be k(p). Suppose 3*z - 6*z + 72 = v. What is the highest common divisor of z and 12?
12
Let g(f) = 2*f - 20. Let o be g(15). What is the greatest common divisor of o and 10?
10
Let g = 66 - 38. Let t be (-4)/8 - (-281)/2. Calculate the greatest common factor of g and t.
28
Suppose 5*a - 35 = -10. Let s = a + 17. Let k = -155 - -309. What is the highest common factor of k and s?
22
Suppose -2*j + 7 = 2*u + 3*j, 3*j - 9 = -2*u. Calculate the highest common divisor of u and 18.
6
Let k = 24 + 4. What is the highest common divisor of k and 7?
7
Let n = 127 - 7. Calculate the greatest common factor of 48 and n.
24
Let f = 162 - 50. Suppose 2*u + 2*n - 36 = 0, u + n = 3*n + 12. What is the highest common divisor of f and u?
16
Let b(r) = -3*r + 0*r - 2 + 0*r. Suppose 2 + 2 = -q. Let z be b(q). Calculate the greatest common divisor of z and 50.
10
Suppose 61 = 2*q - 23. What is the highest common divisor of q and 63?
21
Let n = 32 - 26. Calculate the highest common divisor of n and 24.
6
Let g = -22 - -38. Suppose -o - o + g = 0. What is the greatest common factor of o and 16?
8
Let u(b) = b**3 - 6*b**2 + 6*b + 2. Let l(w) = -w**3 - w**2 - w + 5. Let p be l(0). Let i be u(p). What is the greatest common factor of i and 14?
7
Let c = -9 - -11. Let q = -25 + 43. What is the highest common factor of q and c?
2
Suppose y = -y - 2*i + 154, 3*y - 233 = -4*i. Let m = -14 - -29. What is the highest common divisor of y and m?
15
Let l = 0 + 7. What is the greatest common factor of l and 1?
1
Suppose 5*c - 3*p - 32 = p, 3*c - 5*p - 14 = 0. Let o(x) = -x**3 - 7*x**2 + 2*x - 8. Let g be o(-8). Calculate the greatest common factor of c and g.
8
Let r(j) = -19*j - 2. Let c be r(-1). Let u = c + -9. Calculate the greatest common factor of 24 and u.
8
Suppose 2*o - 98 = -0*o. Suppose -3*j + 158 = -o. Let f = j - 45. What is the greatest common divisor of 72 and f?
24
Let n be -2 + (1 - (0 + -3)). What is the highest common divisor of 18 and n?
2
Let o(c) = 2*c**2 + c + 1. Let t be o(-2). Let v = t - 5. Suppose 0 = -3*y + g + 77, -y = -v*y - 3*g + 9. Calculate the greatest common divisor of y and 16.
8
Let z = -61 - -109. Calculate the highest common divisor of 6 and z.
6
Suppose -11*z - 176 = -15*z. Calculate the highest common factor of z and 11.
11
Let u = -44 - -62. What is the greatest common factor of 2 and u?
2
Suppose 2*i = 4*b - 86, -61 = -3*b - 2*i + 7*i. What is the highest common factor of b and 33?
11
Let p be (-530)/(-14) + 24/(-28). What is the highest common divisor of p and 74?
37
Let q(k) = 2*k**2 + 18*k - 38. Let i be q(-11). Calculate the greatest common factor of i and 2.
2
Let y = 59 + -45. What is the highest common divisor of 70 and y?
14
Let i be 3 + 12/8*(0 + 2). Calculate the highest common divisor of i and 48.
6
Suppose 0 = 4*s - 83 - 93. Calculate the greatest common divisor of s and 110.
22
Let j(k) = 2*k**3 + k. Let m = -4 + 5. Let v be j(m). Suppose -6*f + f - v*z + 81 = 0, f - 4*z = 30. Calculate the greatest common divisor of 12 and f.
6
Let y = 40 - 10. Calculate the greatest common factor of 90 and y.
30
Suppose -2*v - 240 = -6*v. Suppose -p + 10 = p, -5*p = 3*j - 97. Calculate the greatest common divisor of j and v.
12
Let x = -5 - -38. Let f = 13 - -3. Suppose 0 = o - 6 - f. What is the greatest common factor of x and o?
11
Let y(g) = -g**3 - 7*g**2 - 5*g + 7. Let o be y(-7). Suppose 5*c + 6 = 146. Calculate the greatest common divisor of o and c.
14
Let v be 168/20*(-5)/(-2). Let z = v - 18. Calculate the greatest common divisor of z and 24.
3
Let v(z) be the second derivative of 5/3*z**3 + 2*z + 3/2*z**2 + 0. Let j be v(3). What is the greatest common factor of 3 and j?
3
Let a = -23 + 73. Suppose -4*u = -5*z + u + a, -28 = -2*z + 4*u. What is the greatest common factor of z and 15?
3
Let u be ((-660)/50)/((-2)/15). What is the highest common factor of u and 33?
33
Let d(w) = w**3 + 4*w**2 - 2*w - 2. Let r be d(2). Suppose -4*l - 8 + 44 = 0. What is the highest common divisor of r and l?
9
Let a(c) = 1 - 9*c**3 + 2*c**3 + 6*c**3 - 4*c**2 - 3. Let j be a(-4). Let n be (j + (-8)/10)*-10. Calculate the highest common divisor of 42 and n.
14
Suppose 2*k + 412 = 4*q, -3*q + 0*q + 302 = -5*k. Let h be -1 - (-26 - (-1 - -2)). Suppose 3*u - h = u. What is the highest common factor of q and u?
13
Let p(i) = -3*i - 9. Let j(z) = -2*z - 6. Let c(b) = 7*j(b) - 5*p(b). Let y be c(-3). Let f be 0 + -2 + (7 - y). What is the greatest common factor of f and 2?
1
Let r(i) be the third derivative of -i**4/12 - 3*i**3/2 + i**2. Let z be r(-7). What is the highest common factor of 1 and z?
1
Let u be (-35)/(-14) - (-3)/2. Suppose -3*k = k - u. What is the highest common factor of k and 2?
1
Let j = 78 - 23. Calculate the highest common factor of j and 11.
11
Let b = -4 + 23. Let x(r) = 3 - 106*r - 2 + b*r. Let y be x(-1). Calculate the greatest common divisor of 8 and y.
8
Let r(o) = -2*o - 10. Let h be r(-10). Suppose -2*s - h = 2*d, -53 = 5*s - 3*d + d. Let z be (-4)/18 - 38/s. Calculate the h